t m = 284 + -112. What are the prime factors of m?
2, 43
Let u(r) = r - 6. Let k be u(7). Let p be k/1*0 + 4. List the prime factors of p + 0 - (1 + 0).
3
Let d be 45 + (2 - 2)/(-2). Let n be ((-4)/(-5))/(6/d). Let s = n - -1. What are the prime factors of s?
7
Let w(x) be the second derivative of -x**4/12 + 5*x**3/2 + 13*x**2/2 + 3*x. List the prime factors of w(14).
3
Let j(g) = 3*g**2 + 4 - g**2 + 3*g**2 - 4*g**2 + 4*g. Let w be j(-4). Suppose t + 0*o + w*o = 35, 5*o = 25. What are the prime factors of t?
3, 5
Let i(o) = -7*o - 36. List the prime factors of i(-15).
3, 23
Let w = 17 - -304. List the prime factors of w.
3, 107
Let w(d) = 5*d**2 - d + 4. What are the prime factors of w(-3)?
2, 13
Let q(t) = -t + 6. Let n be q(7). Let w be ((-18)/(-4))/((-1)/(-6)). List the prime factors of -1*(w/3)/n.
3
Let h(p) = 2*p - 5. Let w = -5 - -9. Let z be h(w). Suppose -j + z*x = -1, j - 2*x - 16 = -4*x. List the prime factors of j.
2, 5
Let m(o) = 7 - 2*o - 3*o - o - o**2. Let u = -15 - -9. List the prime factors of m(u).
7
Suppose -3*f = -2*d - 19, -4*d + 2 = 4*f - 10. Suppose 0 = r - f*r + 48. What are the prime factors of r?
2, 3
What are the prime factors of (3/1 + -5)*-8?
2
Let r(d) = d**3 - 6*d**2 + 6*d - 1. Let t be r(6). What are the prime factors of (119/t)/((-1)/(-5))?
17
What are the prime factors of 60 + (-2 + 1)/(3/(-3))?
61
Suppose -17 = -5*x + 2*z, -x - 2*x + 35 = 5*z. Suppose -156 = -9*o + x*o. List the prime factors of o.
3, 13
Let v(f) = -f**2 - 4*f + 1. Let s be v(-4). Let a = s - -2. Suppose -2*o - a*m = -18, -4*o = -o + 2*m - 27. List the prime factors of o.
3
Suppose -3*q = -5 - 4. Suppose 3*a + d - 23 = 0, 2*d + q*d = 3*a + 7. What are the prime factors of a?
2, 3
What are the prime factors of (110/6)/(2 - (-20)/(-12))?
5, 11
Let q(z) = -z**3 + 3*z**2 + 2*z - 4. Let o be q(3). Let s(v) = v + 3. Let l be s(4). Let u = o + l. List the prime factors of u.
3
Suppose 0*f + 168 = -2*f. Let q be 3/(-4) - f/(-16). What are the prime factors of q/12 + (-70)/(-4)?
17
Suppose -2*x - t + 66 = -58, -3*t = 0. What are the prime factors of x?
2, 31
Suppose -4*g = 3*v + 22, -5*v - 2*g = 56 + 4. List the prime factors of 2*1*(-119)/v.
17
What are the prime factors of (2/4)/(2/168)?
2, 3, 7
Let r be (2 + (-5 - -1))*2. Let i be 588/33 - r/22. Suppose -y - 4*l - 3 + i = 0, -5*y - l + 56 = 0. List the prime factors of y.
11
Let x = 178 - -143. What are the prime factors of x?
3, 107
Suppose -5*k = r + r - 4, 3*k + 4 = 2*r. Suppose -5*u + 93 = -r. List the prime factors of u.
19
Let v(x) = x**3 + 8*x**2 - 2. Let u be v(-8). What are the prime factors of (24/9)/(u/(-3))?
2
Suppose 25 = -4*d - 11. What are the prime factors of ((-6)/d)/((-4)/(-120))?
2, 5
Let t = 0 + 19. List the prime factors of (0 - 0) + 0 + t.
19
Let v be 2/8 - (-15)/4. Suppose 0 = 5*i + 2 - 7, v*i = 2*z - 36. List the prime factors of z.
2, 5
Let y(v) = v**2 + 7*v - 13. Let q be y(-9). Suppose 4*w = q*w - 2. Suppose w*k = -5*o + 6*k + 40, 0 = -3*o - 2*k + 46. List the prime factors of o.
2, 3
Suppose 37 = 4*g + g + 3*o, -4*g - 5*o = -40. Suppose 0 = 5*s, 59 + 16 = 5*q + g*s. What are the prime factors of q?
3, 5
List the prime factors of 4/((-48)/(-318))*1*2.
53
List the prime factors of (135/10 + -3)*2.
3, 7
Let c = -28 - -37. List the prime factors of c.
3
Let v(h) = 5*h + 5. Suppose -2*l - 3 = -21. What are the prime factors of v(l)?
2, 5
Let d = -12 + 15. Suppose -3*r - 68 + 14 = -d*l, 2*l = -r + 30. What are the prime factors of l?
2
Suppose 5 = 3*c - 112. What are the prime factors of c?
3, 13
Let w = -35 + 73. List the prime factors of w.
2, 19
Suppose -119 - 69 = 2*o - 2*b, 0 = 5*o + 4*b + 506. Let y = 158 + o. What are the prime factors of (2/(-4))/((-3)/y)?
2, 5
Let r(s) = 6*s**2 + s - 2. Let y be r(2). Suppose 3*o - y = 3*n, 0 = -3*o - 5*n + 1 + 31. What are the prime factors of o?
3
Let l(f) = -f**3 - 9*f**2 - 7*f + 6. Let a be l(-8). Suppose -2*v - v + 15 = 0. What are the prime factors of v/a*(-6)/5?
3
Suppose -5*a = -w - 24 - 10, -w + 1 = 0. Let y be 9/6*(-10)/(-3). Let h = a - y. What are the prime factors of h?
2
Let n = -32 + -104. Let h = -96 - n. What are the prime factors of h?
2, 5
Let l(o) = 11*o**2 - 4*o + 2. Let q be l(2). Let a = 60 - q. What are the prime factors of a?
2, 11
Let f = -42 + 70. Suppose -f = -2*c - 0. What are the prime factors of c?
2, 7
Let a(d) = 0*d**2 - d + 4*d + d**2 - 3 - d. Let o be a(-3). Suppose o = 3*x + x + 4*f, 5*f = -x - 16. List the prime factors of x.
2
Suppose -2*m + 3*m = 3. Suppose 2*t = -2*o + 64, -m*o - 5*t + 45 + 49 = 0. List the prime factors of o.
3, 11
Suppose 0 = -4*l + 20, -c = 3*c - 2*l - 118. List the prime factors of c.
2
Let a = -52 + 136. Suppose -2*g = 2*g - a. What are the prime factors of g?
3, 7
Suppose -7*j + 2*j + 10 = 0. Suppose -j*i - 2*z + 5 = -17, 3*z = -5*i + 47. What are the prime factors of (i - 0) + (-1 - -2)?
2
Let v = 39 - -43. List the prime factors of v.
2, 41
List the prime factors of (1*-1)/((-3)/201).
67
Suppose 0*v + 248 = 4*v. What are the prime factors of v?
2, 31
Suppose 2*v = -4*r - 24, -3*r + 2*v = 7*v + 18. Let s(o) = o. Let i(d) = -3*d - 7. Let t(j) = i(j) + s(j). What are the prime factors of t(r)?
5
Suppose 10*d + 23 = 11*d. Suppose 0*q + 5*z - d = -q, -5*q = 5*z - 175. What are the prime factors of q?
2, 19
Let f = 166 - 236. Let q = f - -108. Let c = -26 + q. What are the prime factors of c?
2, 3
Let j be (105/(-3) - -2) + 2. Let n = j + 45. List the prime factors of n.
2, 7
Let l(a) = -2*a - 1 - 2*a + 4*a - a. List the prime factors of l(-9).
2
Let l(f) = f - 5. Let r be l(5). Suppose -6 = -b - b. Suppose r = -0*n - 2*n + k + 8, k + 14 = b*n. List the prime factors of n.
2, 3
Suppose -t = -4 - 0. What are the prime factors of (-100)/((-16)/t) - -2?
3
Suppose o + 15 = -3*m + 4*o, 5*o - 15 = 0. Let p be (-2)/4*m*5. Suppose 7 = 4*h - p. List the prime factors of h.
3
Let b(m) = m**3 - 3*m**2 - 5*m + 6. Let g be b(4). Let c(n) = -4*n**3 - 1 + 6*n + 4*n**3 + 4*n**g - n**3. What are the prime factors of c(5)?
2
Let x be 3/6 - 13/(-2). Let d(f) = f**3 - 6*f**2 - 8*f + 4. Let k be d(x). Let g = k + 5. What are the prime factors of g?
2
Let y = -3 - -6. Let g(n) be the second derivative of -n**5/20 + n**4/4 + n**3/6 - n**2/2 - n. List the prime factors of g(y).
2
Suppose 0 = -2*n, v + 3*v - 12 = 5*n. Suppose -2*p - 3*p = 5*b - 35, -v*b = p - 13. Suppose 39 + 17 = p*a. List the prime factors of a.
2, 7
Let s(i) = -i. Let f be s(0). Suppose f = 4*k - 15 - 49. What are the prime factors of k?
2
Let d(c) = -1 + 2 + c**2 + 3 + 6*c. Let q be d(-6). Suppose m - q = -1. What are the prime factors of m?
3
Let c(b) be the second derivative of -b**5/20 - 7*b**4/12 + 5*b**3/6 - 2*b**2 - b. What are the prime factors of c(-8)?
2, 5
Suppose -5*t + 757 = -2*y, 4*t = -0*t - 3*y + 601. List the prime factors of t.
151
What are the prime factors of 161 - (-4 + 1) - (1 - -1)?
2, 3
Let a = 8 + -3. Suppose b - 5*b - a*x = -62, -75 = -5*b - 5*x. Suppose 0 = -3*m + 2 + b. What are the prime factors of m?
5
Let u be (-1 + 2)/(6/270). Let p = 23 + -15. Suppose -3*m = -p*m + u. What are the prime factors of m?
3
Let r = -1 + 1. Let d(n) = -n**2 + 2. Let v be d(r). Suppose -3*g - 3*o = -30, g + 15 = 6*g - v*o. What are the prime factors of g?
5
Suppose 4*h + 152 = 4*m, -3 - 3 = 2*h. Suppose -4*u - z + 39 = 1, 5*u - 5*z = m. What are the prime factors of u?
3
Let z = 39 - 32. What are the prime factors of z?
7
Let h(s) = s**3 + 7*s**2 - 6*s - 10. List the prime factors of h(-6).
2, 31
Let j(s) = -5*s + 4*s + 3 + 5 + 0*s. Let m be j(6). Suppose -m*c = 4*g - 10, 15 - 1 = 2*c + 3*g. What are the prime factors of c?
13
Let v(i) = -i**3 + 7*i**2 - 6*i + 3. Let j be v(6). Suppose 2*x = -j*x + 15, -3*p = 5*x - 30. What are the prime factors of p?
5
Suppose -8*z + 5*z = -72. List the prime factors of z.
2, 3
Let q be -24*1*3/(-2). Suppose 2*z = t - 2*z - q, -110 = -4*t - z. What are the prime factors of t?
2, 7
Let h(b) = b**3 + 8. Suppose 5*w + 0*w - 25 = 0. Let j = w + -5. List the prime factors of h(j).
2
Suppose -4*t + o = -3 - 22, 5*t = -o + 29. Let c(x) = x**3 - 6*x**2 + 2*x + 3. List the prime factors of c(t).
3, 5
Let i = -5 - -3. Let f = 8 + i. Suppose -4*g = -g - f. What are the prime factors of g?
2
Let